 divided by 378.
39
What is the remainder when 20 is divided by 20?
0
Calculate the remainder when 25120 is divided by 79.
77
Calculate the remainder when 982 is divided by 28.
2
What is the remainder when 2262 is divided by 184?
54
What is the remainder when 442 is divided by 214?
14
Calculate the remainder when 1959 is divided by 391.
4
What is the remainder when 484 is divided by 82?
74
Calculate the remainder when 957 is divided by 162.
147
What is the remainder when 134 is divided by 41?
11
Calculate the remainder when 794 is divided by 38.
34
What is the remainder when 4131 is divided by 78?
75
Calculate the remainder when 222 is divided by 108.
6
What is the remainder when 19654 is divided by 117?
115
What is the remainder when 49432 is divided by 154?
152
What is the remainder when 247 is divided by 37?
25
What is the remainder when 1198 is divided by 48?
46
Calculate the remainder when 1649 is divided by 46.
39
What is the remainder when 616 is divided by 91?
70
Calculate the remainder when 157 is divided by 23.
19
What is the remainder when 1496 is divided by 2?
0
What is the remainder when 985 is divided by 47?
45
Calculate the remainder when 68 is divided by 8.
4
What is the remainder when 413 is divided by 50?
13
What is the remainder when 198 is divided by 20?
18
Calculate the remainder when 90 is divided by 33.
24
Calculate the remainder when 512 is divided by 58.
48
Calculate the remainder when 78 is divided by 14.
8
Calculate the remainder when 56 is divided by 30.
26
Calculate the remainder when 209 is divided by 73.
63
What is the remainder when 17152 is divided by 6?
4
Calculate the remainder when 3689 is divided by 366.
29
Calculate the remainder when 637 is divided by 40.
37
What is the remainder when 552 is divided by 79?
78
What is the remainder when 326 is divided by 135?
56
What is the remainder when 384 is divided by 131?
122
What is the remainder when 625 is divided by 6?
1
What is the remainder when 346 is divided by 29?
27
Calculate the remainder when 78 is divided by 37.
4
What is the remainder when 61 is divided by 8?
5
Calculate the remainder when 242 is divided by 14.
4
What is the remainder when 4553 is divided by 31?
27
Calculate the remainder when 1480 is divided by 48.
40
Calculate the remainder when 492 is divided by 99.
96
Calculate the remainder when 875 is divided by 216.
11
What is the remainder when 120 is divided by 11?
10
What is the remainder when 850 is divided by 33?
25
Calculate the remainder when 354 is divided by 51.
48
Calculate the remainder when 254 is divided by 103.
48
Calculate the remainder when 27 is divided by 17.
10
What is the remainder when 109 is divided by 36?
1
What is the remainder when 7139 is divided by 1426?
9
What is the remainder when 382 is divided by 8?
6
What is the remainder when 5183 is divided by 54?
53
Calculate the remainder when 5 is divided by 3.
2
Calculate the remainder when 93 is divided by 24.
21
What is the remainder when 85 is divided by 53?
32
Calculate the remainder when 1838 is divided by 46.
44
Calculate the remainder when 517 is divided by 168.
13
What is the remainder when 140 is divided by 49?
42
Calculate the remainder when 88 is divided by 87.
1
What is the remainder when 1003 is divided by 389?
225
What is the remainder when 185 is divided by 41?
21
What is the remainder when 4814 is divided by 112?
110
What is the remainder when 1220 is divided by 242?
10
What is the remainder when 205 is divided by 3?
1
What is the remainder when 1318 is divided by 24?
22
Calculate the remainder when 2746 is divided by 1361.
24
What is the remainder when 6038 is divided by 11?
10
What is the remainder when 146 is divided by 44?
14
What is the remainder when 982 is divided by 24?
22
What is the remainder when 4615 is divided by 22?
17
Calculate the remainder when 12972 is divided by 26.
24
Calculate the remainder when 144 is divided by 27.
9
Calculate the remainder when 59 is divided by 11.
4
What is the remainder when 178 is divided by 18?
16
What is the remainder when 85 is divided by 28?
1
What is the remainder when 163 is divided by 8?
3
Calculate the remainder when 405 is divided by 51.
48
Calculate the remainder when 2494 is divided by 24.
22
What is the remainder when 172 is divided by 47?
31
Calculate the remainder when 2956 is divided by 975.
31
Calculate the remainder when 357 is divided by 38.
15
What is the remainder when 4102 is divided by 19?
17
Calculate the remainder when 6648 is divided by 50.
48
Calculate the remainder when 9311 is divided by 97.
96
What is the remainder when 4698 is divided by 94?
92
What is the remainder when 488 is divided by 15?
8
What is the remainder when 373 is divided by 15?
13
Calculate the remainder when 77 is divided by 47.
30
What is the remainder when 2398 is divided by 30?
28
Calculate the remainder when 407 is divided by 103.
98
Calculate the remainder when 437 is divided by 50.
37
Calculate the remainder when 177 is divided by 38.
25
What is the remainder when 228 is divided by 3?
0
What is the remainder when 334 is divided by 31?
24
Calculate the remainder when 23434 is divided by 23.
20
Calculate the remainder when 57549 is divided by 11.
8
What is the remainder when 414 is divided by 76?
34
What is the remainder when 168 is divided by 14?
0
Calculate the remainder when 83 is divided by 28.
27
Calculate the remainder when 67 is divided by 19.
10
Calculate the remainder when 3055 is divided by 37.
21
Calculate the remainder when 2970 is divided by 271.
260
What is the remainder when 587 is divided by 11?
4
What is the remainder when 140 is divided by 11?
8
What is the remainder when 127 is divided by 32?
31
Calculate the remainder when 522 is divided by 75.
72
What is the remainder when 448 is divided by 25?
23
Calculate the remainder when 826 is divided by 18.
16
Calculate the remainder when 276 is divided by 255.
21
What is the remainder when 994 is divided by 329?
7
What is the remainder when 713 is divided by 181?
170
What is the remainder when 101 is divided by 17?
16
What is the remainder when 48 is divided by 19?
10
Calculate the remainder when 93 is divided by 24.
21
Calculate the remainder when 60 is divided by 16.
12
What is the remainder when 232 is divided by 56?
8
What is the remainder when 301 is divided by 34?
29
What is the remainder when 694 is divided by 175?
169
Calculate the remainder when 236 is divided by 30.
26
What is the remainder when 2074 is divided by 397?
89
Calculate the remainder when 5587 is divided by 23.
21
Calculate the remainder when 2143 is divided by 39.
37
What is the remainder when 1187 is divided by 108?
107
Calculate the remainder when 293 is divided by 50.
43
Calculate the remainder when 3286 is divided by 12.
10
Calculate the remainder when 58198 is divided by 194.
192
What is the remainder when 1658 is divided by 44?
30
What is the remainder when 1010 is divided by 16?
2
What is the remainder when 249 is divided by 194?
55
What is the remainder when 196 is divided by 151?
45
Calculate the remainder when 71 is divided by 25.
21
Calculate the remainder when 50 is divided by 18.
14
What is the remainder when 251 is divided by 23?
21
What is the remainder when 170 is divided by 29?
25
What is the remainder when 532 is divided by 41?
40
Calculate the remainder when 339 is divided by 31.
29
What is the remainder when 323 is divided by 9?
8
Calculate the remainder when 181 is divided by 17.
11
Calculate the remainder when 672 is divided by 222.
6
What is the remainder when 1432 is divided by 205?
202
Calculate the remainder when 67 is divided by 20.
7
What is the remainder when 1137 is divided by 20?
17
Calculate the remainder when 303 is divided by 103.
97
What is the remainder when 5638 is divided by 40?
38
What is the remainder when 35 is divided by 9?
8
Calculate the remainder when 276 is divided by 40.
36
What is the remainder when 1040 is divided by 221?
156
Calculate the remainder when 175 is divided by 44.
43
Calculate the remainder when 308 is divided by 26.
22
What is the remainder when 1146 is divided by 72?
66
What is the remainder when 490 is divided by 52?
22
Calculate the remainder when 751 is divided by 69.
61
What is the remainder when 291 is divided b